is divided by 231.
230
Calculate the remainder when 9238 is divided by 110.
108
What is the remainder when 413 is divided by 84?
77
What is the remainder when 329 is divided by 31?
19
What is the remainder when 1941 is divided by 241?
13
What is the remainder when 3081 is divided by 256?
9
Calculate the remainder when 2862 is divided by 29.
20
What is the remainder when 15220 is divided by 59?
57
What is the remainder when 3521 is divided by 1169?
14
Calculate the remainder when 59 is divided by 12.
11
What is the remainder when 204 is divided by 65?
9
Calculate the remainder when 223 is divided by 14.
13
What is the remainder when 13582 is divided by 5?
2
What is the remainder when 1974 is divided by 55?
49
Calculate the remainder when 312 is divided by 36.
24
What is the remainder when 448 is divided by 45?
43
What is the remainder when 41 is divided by 36?
5
What is the remainder when 326 is divided by 44?
18
Calculate the remainder when 169 is divided by 57.
55
What is the remainder when 1221 is divided by 44?
33
What is the remainder when 437 is divided by 160?
117
What is the remainder when 34 is divided by 11?
1
What is the remainder when 65 is divided by 10?
5
What is the remainder when 129 is divided by 49?
31
What is the remainder when 8944 is divided by 14?
12
What is the remainder when 462 is divided by 55?
22
What is the remainder when 4078 is divided by 60?
58
Calculate the remainder when 2907 is divided by 44.
3
What is the remainder when 144 is divided by 73?
71
Calculate the remainder when 317 is divided by 99.
20
What is the remainder when 1135 is divided by 554?
27
Calculate the remainder when 1225 is divided by 406.
7
Calculate the remainder when 198 is divided by 97.
4
What is the remainder when 467 is divided by 72?
35
Calculate the remainder when 1556 is divided by 172.
8
Calculate the remainder when 57 is divided by 43.
14
What is the remainder when 17 is divided by 3?
2
Calculate the remainder when 276 is divided by 71.
63
What is the remainder when 28 is divided by 15?
13
Calculate the remainder when 318 is divided by 298.
20
Calculate the remainder when 348 is divided by 158.
32
What is the remainder when 122 is divided by 31?
29
Calculate the remainder when 1219 is divided by 606.
7
Calculate the remainder when 128 is divided by 15.
8
What is the remainder when 484 is divided by 18?
16
What is the remainder when 577 is divided by 28?
17
What is the remainder when 17598 is divided by 18?
12
Calculate the remainder when 1059 is divided by 29.
15
Calculate the remainder when 597 is divided by 128.
85
Calculate the remainder when 159 is divided by 158.
1
What is the remainder when 492 is divided by 130?
102
What is the remainder when 270 is divided by 149?
121
What is the remainder when 303 is divided by 18?
15
Calculate the remainder when 2628 is divided by 1302.
24
Calculate the remainder when 287 is divided by 88.
23
Calculate the remainder when 3099 is divided by 31.
30
What is the remainder when 1533 is divided by 57?
51
What is the remainder when 143 is divided by 119?
24
Calculate the remainder when 423 is divided by 71.
68
Calculate the remainder when 55 is divided by 7.
6
What is the remainder when 1090 is divided by 156?
154
Calculate the remainder when 139 is divided by 18.
13
Calculate the remainder when 1056 is divided by 7.
6
Calculate the remainder when 1292 is divided by 71.
14
Calculate the remainder when 174 is divided by 93.
81
Calculate the remainder when 1737 is divided by 357.
309
What is the remainder when 4079 is divided by 51?
50
What is the remainder when 3926 is divided by 119?
118
Calculate the remainder when 982 is divided by 53.
28
Calculate the remainder when 699 is divided by 35.
34
Calculate the remainder when 595 is divided by 137.
47
Calculate the remainder when 1709 is divided by 18.
17
What is the remainder when 1614 is divided by 85?
84
Calculate the remainder when 1101 is divided by 16.
13
Calculate the remainder when 50 is divided by 10.
0
What is the remainder when 10722 is divided by 65?
62
What is the remainder when 101 is divided by 13?
10
What is the remainder when 100 is divided by 30?
10
Calculate the remainder when 1193 is divided by 13.
10
Calculate the remainder when 212 is divided by 20.
12
Calculate the remainder when 352 is divided by 39.
1
What is the remainder when 11497 is divided by 23?
20
What is the remainder when 398 is divided by 80?
78
What is the remainder when 3235 is divided by 23?
15
What is the remainder when 562 is divided by 127?
54
What is the remainder when 939 is divided by 30?
9
Calculate the remainder when 406 is divided by 102.
100
What is the remainder when 217 is divided by 19?
8
What is the remainder when 276 is divided by 101?
74
What is the remainder when 601 is divided by 53?
18
What is the remainder when 357 is divided by 218?
139
Calculate the remainder when 66 is divided by 65.
1
What is the remainder when 40 is divided by 12?
4
Calculate the remainder when 38 is divided by 27.
11
What is the remainder when 46 is divided by 29?
17
What is the remainder when 23 is divided by 7?
2
What is the remainder when 98 is divided by 54?
44
What is the remainder when 13017 is divided by 35?
32
Calculate the remainder when 1726 is divided by 24.
22
What is the remainder when 1246 is divided by 36?
22
Calculate the remainder when 6208 is divided by 135.
133
What is the remainder when 37 is divided by 10?
7
What is the remainder when 1457 is divided by 510?
437
What is the remainder when 546 is divided by 489?
57
What is the remainder when 75 is divided by 65?
10
What is the remainder when 3047 is divided by 381?
380
Calculate the remainder when 373 is divided by 8.
5
What is the remainder when 777 is divided by 192?
9
Calculate the remainder when 1557 is divided by 39.
36
What is the remainder when 238 is divided by 45?
13
What is the remainder when 1249 is divided by 19?
14
What is the remainder when 1466 is divided by 212?
194
Calculate the remainder when 469 is divided by 96.
85
What is the remainder when 212 is divided by 43?
40
What is the remainder when 3719 is divided by 232?
7
What is the remainder when 41 is divided by 16?
9
Calculate the remainder when 1040 is divided by 212.
192
What is the remainder when 777 is divided by 15?
12
Calculate the remainder when 158 is divided by 53.
52
Calculate the remainder when 101 is divided by 30.
11
Calculate the remainder when 786 is divided by 69.
27
What is the remainder when 121 is divided by 59?
3
What is the remainder when 1628 is divided by 48?
44
Calculate the remainder when 218 is divided by 38.
28
Calculate the remainder when 3824 is divided by 150.
74
Calculate the remainder when 1269 is divided by 60.
9
What is the remainder when 436 is divided by 53?
12
What is the remainder when 164 is divided by 4?
0
Calculate the remainder when 7197 is divided by 59.
58
Calculate the remainder when 1117 is divided by 86.
85
Calculate the remainder when 10096 is divided by 5044.
8
Calculate the remainder when 2395 is divided by 47.
45
Calculate the remainder when 1071 is divided by 89.
3
Calculate the remainder when 37 is divided by 16.
5
Calculate the remainder when 2922 is divided by 65.
62
What is the remainder when 194 is divided by 14?
12
Calculate the remainder when 128 is divided by 15.
8
Calculate the remainder when 1727 is divided by 48.
47
Calculate the remainder when 3167 is divided by 3156.
11
What is the remainder when 196 is divided by 17?
9
Calculate the remainder when 37 is divided by 17.
3
Calculate the remainder when 3687 is divided by 41.
38
What is the remainder when 211 is divided by 41?
6
Calculate the remainder when 2836 is divided by 71.
67
What is the remainder when 119 is divided by 30?
29
Calculate the remainder when 2262 is divided by 21.
15
What is the remainder when 38 is divided by 5?
3
Calculate the remainder when 3750 is divided by 121.
120
Calculate the remainder when 310 is divided by 112.
86
Calculate the remainder when 112 is divided by 6.
4
Calculate the remainder when 395 is divided by 186.
23
Calculate the remainder when 319 is divided by 111.
97
Calculate the remainder when 253 is divided by 83.
4
Calculate the remainder when 276 is divided by 72.
60
Calculate 